{"id":290,"date":"2025-05-16T03:43:58","date_gmt":"2025-05-16T03:43:58","guid":{"rendered":"https:\/\/slabstone.com.vn\/?post_type=product&#038;p=290"},"modified":"2025-05-16T03:43:58","modified_gmt":"2025-05-16T03:43:58","slug":"andes","status":"publish","type":"product","link":"https:\/\/slabstone.com.vn\/?product=andes","title":{"rendered":"Andes"},"content":{"rendered":"<p><span data-sheets-root=\"1\">Andes, m\u00e0n \u0111\u00eam t\u0129nh m\u1ecbch kh\u00f4ng k\u00e9m ph\u1ea7n m\u01a1 m\u1ed9ng.<\/span><\/p>\n<p><span data-sheets-root=\"1\">S\u1eafc x\u00e1m thanh l\u1ecbch th\u1ed5i h\u1ed3n s\u1ef1 tinh t\u1ebf cho kh\u00f4ng gian thi\u1ebft k\u1ebf.<\/span><\/p>\n","protected":false},"excerpt":{"rendered":"<p>Andes, m\u00e0n \u0111\u00eam t\u0129nh m\u1ecbch kh\u00f4ng k\u00e9m ph\u1ea7n m\u01a1 m\u1ed9ng. S\u1eafc x\u00e1m thanh l\u1ecbch th\u1ed5i h\u1ed3n s\u1ef1 tinh t\u1ebf cho kh\u00f4ng gian thi\u1ebft k\u1ebf.<\/p>\n","protected":false},"featured_media":293,"comment_status":"open","ping_status":"closed","template":"","meta":[],"product_brand":[],"product_cat":[15],"product_tag":[],"class_list":{"0":"post-290","1":"product","2":"type-product","3":"status-publish","4":"has-post-thumbnail","6":"product_cat-san-pham","8":"first","9":"instock","10":"shipping-taxable","11":"purchasable","12":"product-type-simple"},"_links":{"self":[{"href":"https:\/\/slabstone.com.vn\/index.php?rest_route=\/wp\/v2\/product\/290","targetHints":{"allow":["GET"]}}],"collection":[{"href":"https:\/\/slabstone.com.vn\/index.php?rest_route=\/wp\/v2\/product"}],"about":[{"href":"https:\/\/slabstone.com.vn\/index.php?rest_route=\/wp\/v2\/types\/product"}],"replies":[{"embeddable":true,"href":"https:\/\/slabstone.com.vn\/index.php?rest_route=%2Fwp%2Fv2%2Fcomments&post=290"}],"wp:featuredmedia":[{"embeddable":true,"href":"https:\/\/slabstone.com.vn\/index.php?rest_route=\/wp\/v2\/media\/293"}],"wp:attachment":[{"href":"https:\/\/slabstone.com.vn\/index.php?rest_route=%2Fwp%2Fv2%2Fmedia&parent=290"}],"wp:term":[{"taxonomy":"product_brand","embeddable":true,"href":"https:\/\/slabstone.com.vn\/index.php?rest_route=%2Fwp%2Fv2%2Fproduct_brand&post=290"},{"taxonomy":"product_cat","embeddable":true,"href":"https:\/\/slabstone.com.vn\/index.php?rest_route=%2Fwp%2Fv2%2Fproduct_cat&post=290"},{"taxonomy":"product_tag","embeddable":true,"href":"https:\/\/slabstone.com.vn\/index.php?rest_route=%2Fwp%2Fv2%2Fproduct_tag&post=290"}],"curies":[{"name":"wp","href":"https:\/\/api.w.org\/{rel}","templated":true}]}}