{"id":287,"date":"2025-05-16T03:41:14","date_gmt":"2025-05-16T03:41:14","guid":{"rendered":"https:\/\/slabstone.com.vn\/?post_type=product&#038;p=287"},"modified":"2025-05-16T03:41:14","modified_gmt":"2025-05-16T03:41:14","slug":"avory","status":"publish","type":"product","link":"https:\/\/slabstone.com.vn\/?product=avory","title":{"rendered":"Avory"},"content":{"rendered":"<p><span data-sheets-root=\"1\">Avory nh\u01b0 d\u1ea3i l\u1ee5a tr\u1eafng m\u1ec1m m\u1ea1i \u0111\u01b0\u1ee3c \u0111i\u1ec3m xuy\u1ebfn \u0111\u01b0\u1eddng v\u00e2n tinh t\u1ebf, mang c\u1ea3m gi\u00e1c thanh b\u00ecnh v\u00e0 y\u00ean t\u0129nh cho kh\u00f4ng gian.<\/span><\/p>\n","protected":false},"excerpt":{"rendered":"<p>Avory nh\u01b0 d\u1ea3i l\u1ee5a tr\u1eafng m\u1ec1m m\u1ea1i \u0111\u01b0\u1ee3c \u0111i\u1ec3m xuy\u1ebfn \u0111\u01b0\u1eddng v\u00e2n tinh t\u1ebf, mang c\u1ea3m gi\u00e1c thanh b\u00ecnh v\u00e0 y\u00ean t\u0129nh cho kh\u00f4ng gian.<\/p>\n","protected":false},"featured_media":289,"comment_status":"open","ping_status":"closed","template":"","meta":[],"product_brand":[],"product_cat":[15],"product_tag":[],"class_list":{"0":"post-287","1":"product","2":"type-product","3":"status-publish","4":"has-post-thumbnail","6":"product_cat-san-pham","8":"first","9":"instock","10":"shipping-taxable","11":"purchasable","12":"product-type-simple"},"_links":{"self":[{"href":"https:\/\/slabstone.com.vn\/index.php?rest_route=\/wp\/v2\/product\/287","targetHints":{"allow":["GET"]}}],"collection":[{"href":"https:\/\/slabstone.com.vn\/index.php?rest_route=\/wp\/v2\/product"}],"about":[{"href":"https:\/\/slabstone.com.vn\/index.php?rest_route=\/wp\/v2\/types\/product"}],"replies":[{"embeddable":true,"href":"https:\/\/slabstone.com.vn\/index.php?rest_route=%2Fwp%2Fv2%2Fcomments&post=287"}],"wp:featuredmedia":[{"embeddable":true,"href":"https:\/\/slabstone.com.vn\/index.php?rest_route=\/wp\/v2\/media\/289"}],"wp:attachment":[{"href":"https:\/\/slabstone.com.vn\/index.php?rest_route=%2Fwp%2Fv2%2Fmedia&parent=287"}],"wp:term":[{"taxonomy":"product_brand","embeddable":true,"href":"https:\/\/slabstone.com.vn\/index.php?rest_route=%2Fwp%2Fv2%2Fproduct_brand&post=287"},{"taxonomy":"product_cat","embeddable":true,"href":"https:\/\/slabstone.com.vn\/index.php?rest_route=%2Fwp%2Fv2%2Fproduct_cat&post=287"},{"taxonomy":"product_tag","embeddable":true,"href":"https:\/\/slabstone.com.vn\/index.php?rest_route=%2Fwp%2Fv2%2Fproduct_tag&post=287"}],"curies":[{"name":"wp","href":"https:\/\/api.w.org\/{rel}","templated":true}]}}