{"id":214,"date":"2025-05-16T02:20:47","date_gmt":"2025-05-16T02:20:47","guid":{"rendered":"https:\/\/slabstone.com.vn\/?post_type=product&#038;p=214"},"modified":"2025-05-16T02:20:47","modified_gmt":"2025-05-16T02:20:47","slug":"carrara-bianco","status":"publish","type":"product","link":"https:\/\/slabstone.com.vn\/?product=carrara-bianco","title":{"rendered":"Carrara Bianco"},"content":{"rendered":"<p><span data-sheets-root=\"1\">Bi\u1ebfn \u0111\u1ed5i kh\u00f4ng gian c\u1ee7a b\u1ea1n v\u1edbi s\u1ea3n ph\u1ea9m \u0111\u00e1 Carrara Bianco tinh x\u1ea3o n\u1ed5i b\u1eadt v\u1edbi nh\u1eefng kh\u1ed1i l\u1edbn v\u1edbi nh\u1eefng \u0111\u01b0\u1eddng v\u00e2n m\u00e0u x\u00e1m nh\u1ea1t \u0111an xen tr\u00ean n\u1ec1n tr\u1eafng, t\u1ea1o ra hi\u1ec7u \u1ee9ng tuy\u1ec7t \u0111\u1eb9p nh\u01b0 \u0111\u00e1m m\u00e2y. Th\u01b0\u1edfng th\u1ee9c v\u1ebb \u0111\u1eb9p v\u00e0 s\u1ef1 sang tr\u1ecdng c\u1ee7a s\u1ea3n ph\u1ea9m \u0111\u00e1 \u0111\u1ed9c \u0111\u00e1o n\u00e0y v\u00e0 n\u00e2ng cao t\u00ednh th\u1ea9m m\u1ef9 cho ng\u00f4i nh\u00e0 ho\u1eb7c v\u0103n ph\u00f2ng c\u1ee7a b\u1ea1n ngay l\u1eadp t\u1ee9c.<\/span><\/p>\n","protected":false},"excerpt":{"rendered":"<p>Bi\u1ebfn \u0111\u1ed5i kh\u00f4ng gian c\u1ee7a b\u1ea1n v\u1edbi s\u1ea3n ph\u1ea9m \u0111\u00e1 Carrara Bianco tinh x\u1ea3o n\u1ed5i b\u1eadt v\u1edbi nh\u1eefng kh\u1ed1i l\u1edbn v\u1edbi nh\u1eefng \u0111\u01b0\u1eddng v\u00e2n m\u00e0u x\u00e1m nh\u1ea1t \u0111an xen tr\u00ean&hellip;<\/p>\n","protected":false},"featured_media":217,"comment_status":"open","ping_status":"closed","template":"","meta":[],"product_brand":[],"product_cat":[15],"product_tag":[],"class_list":{"0":"post-214","1":"product","2":"type-product","3":"status-publish","4":"has-post-thumbnail","6":"product_cat-san-pham","8":"first","9":"instock","10":"shipping-taxable","11":"purchasable","12":"product-type-simple"},"_links":{"self":[{"href":"https:\/\/slabstone.com.vn\/index.php?rest_route=\/wp\/v2\/product\/214","targetHints":{"allow":["GET"]}}],"collection":[{"href":"https:\/\/slabstone.com.vn\/index.php?rest_route=\/wp\/v2\/product"}],"about":[{"href":"https:\/\/slabstone.com.vn\/index.php?rest_route=\/wp\/v2\/types\/product"}],"replies":[{"embeddable":true,"href":"https:\/\/slabstone.com.vn\/index.php?rest_route=%2Fwp%2Fv2%2Fcomments&post=214"}],"wp:featuredmedia":[{"embeddable":true,"href":"https:\/\/slabstone.com.vn\/index.php?rest_route=\/wp\/v2\/media\/217"}],"wp:attachment":[{"href":"https:\/\/slabstone.com.vn\/index.php?rest_route=%2Fwp%2Fv2%2Fmedia&parent=214"}],"wp:term":[{"taxonomy":"product_brand","embeddable":true,"href":"https:\/\/slabstone.com.vn\/index.php?rest_route=%2Fwp%2Fv2%2Fproduct_brand&post=214"},{"taxonomy":"product_cat","embeddable":true,"href":"https:\/\/slabstone.com.vn\/index.php?rest_route=%2Fwp%2Fv2%2Fproduct_cat&post=214"},{"taxonomy":"product_tag","embeddable":true,"href":"https:\/\/slabstone.com.vn\/index.php?rest_route=%2Fwp%2Fv2%2Fproduct_tag&post=214"}],"curies":[{"name":"wp","href":"https:\/\/api.w.org\/{rel}","templated":true}]}}